z) = -1006*z - 6619. Give g(-9).
2435
Let p(d) = -3*d**2 + 336*d + 51. Give p(0).
51
Let q(x) = -x**3 - 97*x**2 - 2320*x - 550. What is q(-55)?
0
Let s(n) = 30*n**2 - 698*n + 1421. Determine s(2).
145
Let i(d) = 186*d**3 + 210*d**2 - 426*d + 7. Calculate i(2).
1483
Let x(z) = 52*z**2 - 455*z + 986. Determine x(5).
11
Let s(p) = 28*p**2 + 183*p - 28. Determine s(-6).
-118
Let p(o) = o**3 - 81*o**2 + 306*o + 19. What is p(77)?
-135
Let m(c) = 527*c**3 + c**2 + 95*c + 97. Give m(-1).
-524
Let j(s) = -20729*s + 5410263. Calculate j(261).
-6
Let v(c) = -4*c**3 - 1416*c**2 - 1411*c + 739. Calculate v(-353).
386
Let p(s) = -10129*s + 1883971. Give p(186).
-23
Let b(p) = -7*p + 1069. Calculate b(80).
509
Let u(z) = -12*z**2 + 249*z - 156. What is u(21)?
-219
Let b(w) = -7446*w - 17051343. Calculate b(-2290).
-3
Let x(k) = -k**3 - 104*k**2 + 178*k - 3592. Determine x(-106).
12
Let q(d) = 2523*d - 24963. Calculate q(9).
-2256
Let g(f) = 5122*f + 2351013. What is g(-459)?
15
Let a(z) = -52*z**3 + 134*z**2 + 8*z + 12. Give a(0).
12
Let m(u) = -188488*u - 376975. Give m(-2).
1
Let u(i) = -520*i**2 - 19*i + 22. What is u(1)?
-517
Let a(b) = 4603*b**2 - 41267*b - 1433. Give a(9).
7
Let q(r) = -830*r**2 - 2271*r - 29. What is q(-3)?
-686
Let a(f) = -117*f**3 - 1401*f**2 + 52*f + 170. Determine a(-12).
-22
Let c(d) = d**3 - 32*d**2 + 218*d - 107. Determine c(9).
-8
Let u(i) = -7*i**3 + 8*i**2 + 889*i - 1815. Give u(2).
-61
Let d(g) = -67*g**2 - 286*g - 217. Give d(0).
-217
Let a(f) = -4*f**3 + 23*f**2 + 39*f - 196. What is a(6)?
2
Let m(b) = -3*b**2 - 2049*b + 256267. What is m(108)?
-17
Let l(c) = -c**3 - 8*c**2 + 215*c + 596. Calculate l(-18).
-34
Let g(i) = -1282*i**2 - 26921*i + 18. Calculate g(-21).
-3
Let d(n) = n**3 - 9*n**2 - 318*n + 55. What is d(-15)?
-575
Let k(a) = 11227*a - 202086. Give k(18).
0
Let q(l) = -l**3 + 39*l**2 - 234*l + 399. Determine q(31).
833
Let t(y) = -24*y + 971. Determine t(10).
731
Let v(g) = 51*g**3 - 3*g**2 - 206*g - 410. What is v(-2)?
-418
Let j(d) = 36*d**2 - 5802*d - 4852. Determine j(162).
8
Let f(d) = -2669*d + 27135. Determine f(11).
-2224
Let f(n) = n**2 - 95276*n + 1047909. Determine f(11).
-6
Let d(y) = 5130*y + 15267. Give d(-3).
-123
Let y(n) = -n**3 + 14*n**2 + 356*n - 145. Calculate y(16).
5039
Let k(j) = -1138*j - 112625. Give k(-99).
37
Let q(w) = -50*w**2 - 6346*w + 710. Give q(-127).
202
Let x(n) = 182*n + 7802. Give x(-41).
340
Let b(u) = -385826*u - 4629913. Determine b(-12).
-1
Let o(d) = 2*d**3 + 4*d**2 + 1117*d + 3369. Determine o(-3).
0
Let r(x) = -4*x**2 + 114550*x - 343636. Give r(3).
-22
Let i(b) = b**3 - 158*b**2 - 10318*b + 1644572. Determine i(157).
-3
Let u(f) = -38083*f + 152351. Calculate u(4).
19
Let z(j) = j**2 + 7659*j - 432021. Calculate z(56).
19
Let a(j) = j**3 + 6*j**2 + 5558*j + 16656. Determine a(-3).
9
Let c(s) = 794*s - 8731. Determine c(11).
3
Let u(v) = -v**3 + 23*v**2 - 71*v + 610. Calculate u(21).
1
Let w(x) = 19918*x - 458108. Give w(23).
6
Let p(j) = 1234*j**2 - 4948*j + 25. Calculate p(4).
-23
Let z(c) = c**3 - 105*c**2 + 2325*c + 58. What is z(73)?
-745
Let w(z) = -6863*z**2 + 41183*z + 6. Determine w(6).
36
Let g(h) = -123*h + 3444. Determine g(26).
246
Let q(h) = -h**3 - 112*h**2 - 101*h - 11461. Determine q(-112).
-149
Let f(z) = -47*z**3 + 474*z**2 - 33*z - 20. Calculate f(10).
50
Let t(s) = -3293*s + 42792. What is t(13)?
-17
Let k(x) = -x**2 - 1188*x + 402411. Determine k(275).
86
Let q(o) = -12461*o - 11880. Give q(-1).
581
Let p(g) = -g**3 - 16*g**2 - 194*g - 2279. Calculate p(-14).
45
Let r(a) = -45174*a + 90426. Calculate r(2).
78
Let s(u) = -4308*u + 60313. Determine s(14).
1
Let n(g) = 4432619*g - 4432624. Determine n(1).
-5
Let p(i) = 4*i**2 - 3338*i - 10102. What is p(-3)?
-52
Let v(w) = 72*w - 1182. What is v(43)?
1914
Let n(y) = 9*y**3 - 13*y**2 + 26*y + 47. Determine n(5).
977
Let y(l) = -18227*l - 72910. Give y(-4).
-2
Let t(n) = 4*n**3 - 212*n**2 - 1952*n - 8. What is t(61)?
-8
Let j(p) = -p**3 - p**2 - 480*p - 1424. Calculate j(-3).
34
Let p(n) = 8*n**2 - 3253*n + 185584. Calculate p(338).
22
Let w(n) = -2026*n - 48835. Give w(-24).
-211
Let x(u) = 4*u**2 - 179*u - 3600. What is x(-17)?
599
Let k(d) = 14*d**2 + 2826*d - 33327. Calculate k(-213).
-99
Let n(h) = -3*h**3 - 42*h**2 - 82*h + 301. Determine n(-11).
114
Let r(f) = f**3 - 7*f**2 - 1735*f + 1737. Determine r(1).
-4
Let a(z) = 2*z**2 - 43809*z - 175245. Give a(-4).
23
Let v(x) = 35415*x - 247869. Calculate v(7).
36
Let k(z) = -117835*z - 1178343. Determine k(-10).
7
Let o(r) = 16*r**2 - 268*r - 1048. Determine o(-4).
280
Let q(y) = y**3 - 198*y**2 - 2037*y - 8958. Calculate q(208).
-14
Let j(n) = 14*n**2 - 1166*n - 39169. What is j(109)?
71
Let i(k) = -346*k - 219518. Give i(-634).
-154
Let b(j) = 2*j**2 - 1735*j + 25664. Give b(15).
89
Let l(b) = 2*b**2 - 387*b + 9864. What is l(163)?
-79
Let s(r) = r**3 + 284*r**2 - 5746*r - 206. Give s(19).
3
Let z(f) = 2*f**2 + 159*f - 227672. Calculate z(300).
28
Let s(y) = -921*y**3 + 3686*y**2 + 2440*y - 9784. What is s(4)?
8
Let p(q) = q**3 + q**2 - 103*q - 939. Determine p(-9).
-660
Let n(m) = -m**2 + 157*m - 2852. Determine n(19).
-230
Let u(g) = -29*g**3 - g**2 - 10*g. Give u(-3).
804
Let g(c) = -45*c**3 - 7578*c**2 - 3026*c - 338. Give g(-168).
-2
Let l(o) = o**2 - 111*o - 5636. Determine l(-52).
2840
Let x(n) = 30703*n - 61396. Determine x(2).
10
Let m(j) = 3*j**3 + 123*j**2 + 329*j - 503. Give m(-38).
-9
Let t(o) = 91609*o + 5130094. Give t(-56).
-10
Let a(t) = t**2 - 2185*t - 6552. Give a(-3).
12
Let y(b) = 8985*b**2 + 287520*b + 3. Give y(-32).
3
Let a(o) = -9*o**2 + 159*o + 215. Calculate a(-3).
-343
Let l(m) = 12579*m - 566079. Give l(45).
-24
Let v(j) = j**2 + 217*j + 2882. Determine v(-14).
40
Let g(z) = 1278*z**3 - 7*z**2 + 2*z + 5. Calculate g(-1).
-1282
Let y(j) = 543006*j - 1085992. Give y(2).
20
Let s(j) = -2216*j + 4415. Calculate s(2).
-17
Let h(f) = -8*f**3 - 653*f**2 + 247*f - 53. Determine h(-82).
-135
Let a(n) = -2*n**2 - 533*n + 292138. What is a(-538)?
4
Let f(g) = 348*g + 9567. What is f(-28)?
-177
Let z(g) = -g**3 + 35*g**2 - 142*g + 11615. Determine z(39).
-7
Let l(f) = -747*f - 126245. Determine l(-169).
-2
Let d(a) = 7*a**2 + 145*a + 503. Calculate d(-17).
61
Let r(h) = h**2 - 1335*h + 55550. Calculate r(43).
-6
Let f(t) = 1658*t - 183550. Give f(111).
488
Let a(f) = -4*f**2 + 11888*f - 630282. Determine a(54).
6
Let w(i) = -i**3 + 433*i**2 + 340*i + 40803. Give w(434).
7
Let g(i) = -280050*i + 1960349. Determine g(7).
-1
Let j(y) = -y**2 + 7*y + 1026. What is j(36)?
-18
Let d(y) = -9*y**2 - 220*y + 2. Calculate d(-17).
1141
Let v(h) = -2*h**3 + 158*h**2 + 66*h - 4734. Calculate v(79).
480
Let w(t) = 2392*t - 327714. Determine w(137).
-10
Let k(p) = -1204*p + 209500. Calculate k(174).
4
Let n(o) = 41*o**3 + 21*o**2 + 5*o - 8. What is n(1)?
59
Let z(y) = 96096*y + 6150111. What is z(-64)?
-33
Let h(i) = 2*i**2 + 641*i - 8359. Give h(12).
-379
Let p(k) = -k**3 - 28*k**2 + 42*k - 222. Determine p(-29).
-599
Let g(y) = -30020*y - 210760. Give g(-7).
-620
Let m(p) = -197*p + 211. Determine m(3).
-380
Let m(s) = 10*s**2 + 1905*s + 9589. What is m(-5)?
314
Let w(x) = -x**3 + 39*x**2 + 229*x - 4330. What is w(42)?
-4
Let j(d) = -99*d**3 - 248*d**2 - 244*d + 3. Calculate j(-1).
98
Let b(v) = -3*v**3 - 49*v**2 - 228*v - 3396. What is b(-16)?
-4
Let y(s) = s**3 + 87*s**2 + 1400*s - 440. What is y(-66)?
-1364
Let j(z) = -z**3 - 73*z - 1316. Calculate j(-9).
70
Let h(u) = 4272*u - 508380. What is h(119)?
-12
Let v(x) = 368149*x - 15462252. Determine v(42).
6
Let p(d) = d**3 + 15*d**2 - 98*d - 1136. What is p(-16)?
176
Let q(s) = s**3 + 53*s**2 - 972*s - 49426. What is q(-54)?
146
Let n(r) = r**3 + 17*r**2 - 33*r + 75. Give n(-19).
-20
Let z(u) = 137328*u - 137325. Give z(1).
3
Let j(d) = -3*d**3 + 52*d**2 - 288*d + 507. What is j(7)?
10
Let y(b) = 2*b**3 - 226*b**2 + 1859*b + 142. Give y(9).
25
Let y(s) = -s**3 + 76*s**2 - 489*s + 403. Determine y(69).
-11
Let l(a) = -3217*a + 29071. Give l(9).
118
Let t(r) = -r**3 - 38*r**2 + 69*r + 188. Determine t(-40).
628
Let f(c) = -12*c**2 - 6079*c - 15807. Determine f(-504).
-183
Let j(w) = -9*w**2 + 600*w - 4525. Calculate j(58).
-1
Let o(a) = a**3 - 118*a**2 + 918*a + 104. Determine o(8).
408